n 1109 is divided by 47?
28
Calculate the remainder when 65 is divided by 34.
31
What is the remainder when 3171 is divided by 167?
165
What is the remainder when 156 is divided by 84?
72
What is the remainder when 116 is divided by 4?
0
Calculate the remainder when 1986 is divided by 104.
10
What is the remainder when 120 is divided by 27?
12
What is the remainder when 161 is divided by 42?
35
What is the remainder when 2 is divided by 2?
0
What is the remainder when 19 is divided by 9?
1
Calculate the remainder when 7188 is divided by 47.
44
What is the remainder when 271 is divided by 7?
5
What is the remainder when 1260 is divided by 323?
291
What is the remainder when 1758 is divided by 98?
92
Calculate the remainder when 400 is divided by 27.
22
Calculate the remainder when 1407 is divided by 263.
92
Calculate the remainder when 283 is divided by 57.
55
What is the remainder when 1983 is divided by 71?
66
Calculate the remainder when 3407 is divided by 110.
107
What is the remainder when 946 is divided by 104?
10
What is the remainder when 138 is divided by 37?
27
Calculate the remainder when 199 is divided by 3.
1
What is the remainder when 142 is divided by 11?
10
Calculate the remainder when 441 is divided by 45.
36
What is the remainder when 150 is divided by 27?
15
Calculate the remainder when 2308 is divided by 176.
20
What is the remainder when 61 is divided by 22?
17
Calculate the remainder when 2660 is divided by 21.
14
What is the remainder when 668 is divided by 42?
38
Calculate the remainder when 41288 is divided by 279.
275
What is the remainder when 5902 is divided by 24?
22
Calculate the remainder when 415 is divided by 123.
46
What is the remainder when 342 is divided by 57?
0
Calculate the remainder when 388 is divided by 37.
18
Calculate the remainder when 4817 is divided by 21.
8
Calculate the remainder when 215 is divided by 33.
17
Calculate the remainder when 591 is divided by 50.
41
What is the remainder when 822 is divided by 103?
101
What is the remainder when 330 is divided by 26?
18
What is the remainder when 10848 is divided by 129?
12
Calculate the remainder when 997 is divided by 9.
7
What is the remainder when 477 is divided by 44?
37
What is the remainder when 245 is divided by 10?
5
What is the remainder when 514 is divided by 166?
16
What is the remainder when 232 is divided by 118?
114
What is the remainder when 111 is divided by 38?
35
Calculate the remainder when 323 is divided by 118.
87
What is the remainder when 929 is divided by 10?
9
Calculate the remainder when 1330 is divided by 111.
109
What is the remainder when 310 is divided by 135?
40
Calculate the remainder when 2911 is divided by 47.
44
Calculate the remainder when 525 is divided by 23.
19
Calculate the remainder when 176 is divided by 49.
29
Calculate the remainder when 196 is divided by 25.
21
What is the remainder when 4877 is divided by 244?
241
Calculate the remainder when 181 is divided by 6.
1
Calculate the remainder when 16021 is divided by 5339.
4
What is the remainder when 2505 is divided by 229?
215
Calculate the remainder when 568 is divided by 52.
48
Calculate the remainder when 935 is divided by 64.
39
What is the remainder when 1604 is divided by 124?
116
Calculate the remainder when 1381 is divided by 33.
28
What is the remainder when 276 is divided by 132?
12
Calculate the remainder when 210 is divided by 80.
50
What is the remainder when 135 is divided by 48?
39
What is the remainder when 628 is divided by 161?
145
Calculate the remainder when 78 is divided by 20.
18
Calculate the remainder when 2239 is divided by 70.
69
Calculate the remainder when 8402 is divided by 26.
4
What is the remainder when 1961 is divided by 68?
57
Calculate the remainder when 920 is divided by 84.
80
Calculate the remainder when 377 is divided by 93.
5
Calculate the remainder when 872 is divided by 37.
21
What is the remainder when 52 is divided by 34?
18
What is the remainder when 116 is divided by 17?
14
Calculate the remainder when 51 is divided by 10.
1
Calculate the remainder when 1725 is divided by 569.
18
What is the remainder when 1294 is divided by 429?
7
What is the remainder when 420 is divided by 32?
4
Calculate the remainder when 106 is divided by 18.
16
Calculate the remainder when 566 is divided by 61.
17
What is the remainder when 234 is divided by 10?
4
What is the remainder when 126 is divided by 5?
1
Calculate the remainder when 465 is divided by 96.
81
Calculate the remainder when 561 is divided by 165.
66
What is the remainder when 621 is divided by 26?
23
What is the remainder when 359 is divided by 20?
19
What is the remainder when 333 is divided by 21?
18
Calculate the remainder when 194 is divided by 39.
38
Calculate the remainder when 885 is divided by 130.
105
Calculate the remainder when 4001 is divided by 7.
4
Calculate the remainder when 41 is divided by 7.
6
What is the remainder when 598 is divided by 15?
13
What is the remainder when 3323 is divided by 19?
17
Calculate the remainder when 328 is divided by 26.
16
What is the remainder when 441 is divided by 74?
71
Calculate the remainder when 62 is divided by 32.
30
Calculate the remainder when 1823 is divided by 38.
37
What is the remainder when 270 is divided by 13?
10
Calculate the remainder when 258 is divided by 123.
12
Calculate the remainder when 171 is divided by 23.
10
What is the remainder when 263 is divided by 58?
31
What is the remainder when 93 is divided by 28?
9
What is the remainder when 488 is divided by 70?
68
What is the remainder when 71 is divided by 21?
8
What is the remainder when 322 is divided by 34?
16
Calculate the remainder when 572 is divided by 35.
12
What is the remainder when 341 is divided by 80?
21
Calculate the remainder when 348 is divided by 7.
5
What is the remainder when 8989 is divided by 310?
309
What is the remainder when 297 is divided by 95?
12
What is the remainder when 3828 is divided by 213?
207
What is the remainder when 1957 is divided by 27?
13
What is the remainder when 413 is divided by 123?
44
Calculate the remainder when 50 is divided by 35.
15
Calculate the remainder when 2185 is divided by 25.
10
Calculate the remainder when 577 is divided by 36.
1
What is the remainder when 42 is divided by 8?
2
What is the remainder when 46 is divided by 3?
1
Calculate the remainder when 258 is divided by 77.
27
Calculate the remainder when 81 is divided by 19.
5
What is the remainder when 406 is divided by 37?
36
What is the remainder when 4797 is divided by 16?
13
Calculate the remainder when 800 is divided by 9.
8
Calculate the remainder when 1212 is divided by 9.
6
Calculate the remainder when 365 is divided by 41.
37
Calculate the remainder when 280 is divided by 85.
25
What is the remainder when 334 is divided by 67?
66
Calculate the remainder when 151 is divided by 51.
49
What is the remainder when 3484 is divided by 6?
4
Calculate the remainder when 4788 is divided by 37.
15
Calculate the remainder when 10710 is divided by 52.
50
What is the remainder when 2417 is divided by 8?
1
Calculate the remainder when 195 is divided by 20.
15
Calculate the remainder when 255 is divided by 82.
9
What is the remainder when 313 is divided by 63?
61
Calculate the remainder when 17 is divided by 1.
0
Calculate the remainder when 1344 is divided by 71.
66
What is the remainder when 533 is divided by 10?
3
What is the remainder when 268 is divided by 15?
13
Calculate the remainder when 110 is divided by 28.
26
What is the remainder when 256 is divided by 131?
125
Calculate the remainder when 528 is divided by 53.
51
Calculate the remainder when 777 is divided by 55.
7
What is the remainder when 120 is divided by 44?
32
Calculate the remainder when 101 is divided by 17.
16
What is the remainder when 1619 is divided by 90?
89
Calculate the remainder when 82 is divided by 24.
10
What is the remainder when 1234 is divided by 50?
34
What is the remainder when 59 is divided by 59?
0
Calculate the remainder when 267 is divided by 40.
27
Calculate the remainder when 408 is divided by 30.
18
What is the remainder when 58 is divided by 27?
4
Calculate the remainder when 1594 is divided by 385.
54
What is the remainder when 617 is div